{"id":1050,"date":"2025-03-04T13:41:42","date_gmt":"2025-03-04T11:41:42","guid":{"rendered":"https:\/\/teddybaby.md\/?post_type=product&#038;p=1050"},"modified":"2025-03-04T13:41:42","modified_gmt":"2025-03-04T11:41:42","slug":"costum-donino","status":"publish","type":"product","link":"https:\/\/teddybaby.md\/?product=costum-donino","title":{"rendered":"Costum Donino"},"content":{"rendered":"<p>Costum Donino. 3 piese. \u021aesetur\u0103 2 fire. Desen imprimat.<\/p>\n<p>M\u0103rimi la v\u00e2rsta 2 ani, 3 ani, 4 ani, 5 ani<\/p>\n","protected":false},"excerpt":{"rendered":"<p>Costum Donino. 3 piese. \u021aesetur\u0103 2 fire. Desen imprimat. M\u0103rimi la v\u00e2rsta 2 ani, 3 ani, 4 ani, 5 ani<\/p>\n","protected":false},"featured_media":1051,"template":"","meta":[],"product_brand":[],"product_cat":[36],"product_tag":[217],"class_list":{"0":"post-1050","1":"product","2":"type-product","3":"status-publish","4":"has-post-thumbnail","6":"product_cat-baitei","7":"product_tag-t50453","9":"first","10":"instock","11":"shipping-taxable","12":"purchasable","13":"product-type-simple"},"jetpack_sharing_enabled":true,"_links":{"self":[{"href":"https:\/\/teddybaby.md\/index.php?rest_route=\/wp\/v2\/product\/1050","targetHints":{"allow":["GET"]}}],"collection":[{"href":"https:\/\/teddybaby.md\/index.php?rest_route=\/wp\/v2\/product"}],"about":[{"href":"https:\/\/teddybaby.md\/index.php?rest_route=\/wp\/v2\/types\/product"}],"wp:featuredmedia":[{"embeddable":true,"href":"https:\/\/teddybaby.md\/index.php?rest_route=\/wp\/v2\/media\/1051"}],"wp:attachment":[{"href":"https:\/\/teddybaby.md\/index.php?rest_route=%2Fwp%2Fv2%2Fmedia&parent=1050"}],"wp:term":[{"taxonomy":"product_brand","embeddable":true,"href":"https:\/\/teddybaby.md\/index.php?rest_route=%2Fwp%2Fv2%2Fproduct_brand&post=1050"},{"taxonomy":"product_cat","embeddable":true,"href":"https:\/\/teddybaby.md\/index.php?rest_route=%2Fwp%2Fv2%2Fproduct_cat&post=1050"},{"taxonomy":"product_tag","embeddable":true,"href":"https:\/\/teddybaby.md\/index.php?rest_route=%2Fwp%2Fv2%2Fproduct_tag&post=1050"}],"curies":[{"name":"wp","href":"https:\/\/api.w.org\/{rel}","templated":true}]}}