{"id":451,"date":"2023-03-14T14:50:49","date_gmt":"2023-03-14T12:50:49","guid":{"rendered":"https:\/\/teddybaby.md\/?post_type=product&#038;p=451"},"modified":"2023-03-14T14:50:49","modified_gmt":"2023-03-14T12:50:49","slug":"costum-elephant","status":"publish","type":"product","link":"https:\/\/teddybaby.md\/?product=costum-elephant","title":{"rendered":"Costum Elephant"},"content":{"rendered":"<p>Costum Elephant. 3 piese. Glug\u0103. Desen imprimat<\/p>\n<p>M\u0103rimi la v\u00eersta 6 luni, 9 luni, 12 luni<\/p>\n","protected":false},"excerpt":{"rendered":"<p>Costum Elephant. 3 piese. Glug\u0103. Desen imprimat M\u0103rimi la v\u00eersta 6 luni, 9 luni, 12 luni<\/p>\n","protected":false},"featured_media":452,"template":"","meta":[],"product_brand":[],"product_cat":[36,17],"product_tag":[105],"class_list":{"0":"post-451","1":"product","2":"type-product","3":"status-publish","4":"has-post-thumbnail","6":"product_cat-baitei","7":"product_cat-nounascuti","8":"product_tag-t970","10":"first","11":"instock","12":"shipping-taxable","13":"purchasable","14":"product-type-simple"},"jetpack_sharing_enabled":true,"_links":{"self":[{"href":"https:\/\/teddybaby.md\/index.php?rest_route=\/wp\/v2\/product\/451","targetHints":{"allow":["GET"]}}],"collection":[{"href":"https:\/\/teddybaby.md\/index.php?rest_route=\/wp\/v2\/product"}],"about":[{"href":"https:\/\/teddybaby.md\/index.php?rest_route=\/wp\/v2\/types\/product"}],"wp:featuredmedia":[{"embeddable":true,"href":"https:\/\/teddybaby.md\/index.php?rest_route=\/wp\/v2\/media\/452"}],"wp:attachment":[{"href":"https:\/\/teddybaby.md\/index.php?rest_route=%2Fwp%2Fv2%2Fmedia&parent=451"}],"wp:term":[{"taxonomy":"product_brand","embeddable":true,"href":"https:\/\/teddybaby.md\/index.php?rest_route=%2Fwp%2Fv2%2Fproduct_brand&post=451"},{"taxonomy":"product_cat","embeddable":true,"href":"https:\/\/teddybaby.md\/index.php?rest_route=%2Fwp%2Fv2%2Fproduct_cat&post=451"},{"taxonomy":"product_tag","embeddable":true,"href":"https:\/\/teddybaby.md\/index.php?rest_route=%2Fwp%2Fv2%2Fproduct_tag&post=451"}],"curies":[{"name":"wp","href":"https:\/\/api.w.org\/{rel}","templated":true}]}}