{"id":474,"date":"2023-03-21T14:20:30","date_gmt":"2023-03-21T12:20:30","guid":{"rendered":"https:\/\/teddybaby.md\/?post_type=product&#038;p=474"},"modified":"2023-03-21T14:22:58","modified_gmt":"2023-03-21T12:22:58","slug":"costum-dunga-gluga","status":"publish","type":"product","link":"https:\/\/teddybaby.md\/?product=costum-dunga-gluga","title":{"rendered":"Costum dung\u0103 glug\u0103"},"content":{"rendered":"<p>Costum dung\u0103 glug\u0103. 3 piese. Bumbac<\/p>\n<p>M\u0103rimi la v\u00eersta 3 luni, 6 luni, 9 luni<\/p>\n","protected":false},"excerpt":{"rendered":"<p>Costum dung\u0103 glug\u0103. 3 piese. Bumbac M\u0103rimi la v\u00eersta 3 luni, 6 luni, 9 luni<\/p>\n","protected":false},"featured_media":475,"template":"","meta":[],"product_brand":[],"product_cat":[36,17],"product_tag":[113],"class_list":{"0":"post-474","1":"product","2":"type-product","3":"status-publish","4":"has-post-thumbnail","6":"product_cat-baitei","7":"product_cat-nounascuti","8":"product_tag-t22177","10":"first","11":"instock","12":"shipping-taxable","13":"purchasable","14":"product-type-simple"},"jetpack_sharing_enabled":true,"_links":{"self":[{"href":"https:\/\/teddybaby.md\/index.php?rest_route=\/wp\/v2\/product\/474","targetHints":{"allow":["GET"]}}],"collection":[{"href":"https:\/\/teddybaby.md\/index.php?rest_route=\/wp\/v2\/product"}],"about":[{"href":"https:\/\/teddybaby.md\/index.php?rest_route=\/wp\/v2\/types\/product"}],"wp:featuredmedia":[{"embeddable":true,"href":"https:\/\/teddybaby.md\/index.php?rest_route=\/wp\/v2\/media\/475"}],"wp:attachment":[{"href":"https:\/\/teddybaby.md\/index.php?rest_route=%2Fwp%2Fv2%2Fmedia&parent=474"}],"wp:term":[{"taxonomy":"product_brand","embeddable":true,"href":"https:\/\/teddybaby.md\/index.php?rest_route=%2Fwp%2Fv2%2Fproduct_brand&post=474"},{"taxonomy":"product_cat","embeddable":true,"href":"https:\/\/teddybaby.md\/index.php?rest_route=%2Fwp%2Fv2%2Fproduct_cat&post=474"},{"taxonomy":"product_tag","embeddable":true,"href":"https:\/\/teddybaby.md\/index.php?rest_route=%2Fwp%2Fv2%2Fproduct_tag&post=474"}],"curies":[{"name":"wp","href":"https:\/\/api.w.org\/{rel}","templated":true}]}}