{"id":476,"date":"2023-03-21T14:28:58","date_gmt":"2023-03-21T12:28:58","guid":{"rendered":"https:\/\/teddybaby.md\/?post_type=product&#038;p=476"},"modified":"2023-03-21T14:28:59","modified_gmt":"2023-03-21T12:28:59","slug":"set-nounascut-salopeta-caciula","status":"publish","type":"product","link":"https:\/\/teddybaby.md\/?product=set-nounascut-salopeta-caciula","title":{"rendered":"Set noun\u0103scut salopet\u0103 c\u0103ciul\u0103"},"content":{"rendered":"<p>Set noun\u0103scut salopet\u0103 c\u0103ciul\u0103. 2 piese. Bumbac<\/p>\n<p>M\u0103rimi la v\u00eersta 3 luni, 6 luni, 9 luni<\/p>\n","protected":false},"excerpt":{"rendered":"<p>Set noun\u0103scut salopet\u0103 c\u0103ciul\u0103. 2 piese. Bumbac M\u0103rimi la v\u00eersta 3 luni, 6 luni, 9 luni<\/p>\n","protected":false},"featured_media":477,"template":"","meta":[],"product_brand":[],"product_cat":[36,17],"product_tag":[109],"class_list":{"0":"post-476","1":"product","2":"type-product","3":"status-publish","4":"has-post-thumbnail","6":"product_cat-baitei","7":"product_cat-nounascuti","8":"product_tag-t0140","10":"first","11":"instock","12":"shipping-taxable","13":"purchasable","14":"product-type-simple"},"jetpack_sharing_enabled":true,"_links":{"self":[{"href":"https:\/\/teddybaby.md\/index.php?rest_route=\/wp\/v2\/product\/476","targetHints":{"allow":["GET"]}}],"collection":[{"href":"https:\/\/teddybaby.md\/index.php?rest_route=\/wp\/v2\/product"}],"about":[{"href":"https:\/\/teddybaby.md\/index.php?rest_route=\/wp\/v2\/types\/product"}],"wp:featuredmedia":[{"embeddable":true,"href":"https:\/\/teddybaby.md\/index.php?rest_route=\/wp\/v2\/media\/477"}],"wp:attachment":[{"href":"https:\/\/teddybaby.md\/index.php?rest_route=%2Fwp%2Fv2%2Fmedia&parent=476"}],"wp:term":[{"taxonomy":"product_brand","embeddable":true,"href":"https:\/\/teddybaby.md\/index.php?rest_route=%2Fwp%2Fv2%2Fproduct_brand&post=476"},{"taxonomy":"product_cat","embeddable":true,"href":"https:\/\/teddybaby.md\/index.php?rest_route=%2Fwp%2Fv2%2Fproduct_cat&post=476"},{"taxonomy":"product_tag","embeddable":true,"href":"https:\/\/teddybaby.md\/index.php?rest_route=%2Fwp%2Fv2%2Fproduct_tag&post=476"}],"curies":[{"name":"wp","href":"https:\/\/api.w.org\/{rel}","templated":true}]}}