{"id":769,"date":"2024-04-16T13:07:56","date_gmt":"2024-04-16T11:07:56","guid":{"rendered":"https:\/\/teddybaby.md\/?post_type=product&#038;p=769"},"modified":"2024-04-16T13:07:57","modified_gmt":"2024-04-16T11:07:57","slug":"costume-style","status":"publish","type":"product","link":"https:\/\/teddybaby.md\/?product=costume-style","title":{"rendered":"Costume Style"},"content":{"rendered":"<p>Costume Style. \u021aesetur\u0103 suprem. Desen imprimat.<\/p>\n<p>M\u0103rimi la v\u00e2rsta 1 an, 2 ani, 3 ani, 4 ani.<\/p>\n","protected":false},"excerpt":{"rendered":"<p>Costume Style. \u021aesetur\u0103 suprem. Desen imprimat. M\u0103rimi la v\u00e2rsta 1 an, 2 ani, 3 ani, 4 ani.<\/p>\n","protected":false},"featured_media":770,"template":"","meta":[],"product_brand":[],"product_cat":[36],"product_tag":[165],"class_list":{"0":"post-769","1":"product","2":"type-product","3":"status-publish","4":"has-post-thumbnail","6":"product_cat-baitei","7":"product_tag-t1071","9":"first","10":"instock","11":"shipping-taxable","12":"purchasable","13":"product-type-simple"},"jetpack_sharing_enabled":true,"_links":{"self":[{"href":"https:\/\/teddybaby.md\/index.php?rest_route=\/wp\/v2\/product\/769","targetHints":{"allow":["GET"]}}],"collection":[{"href":"https:\/\/teddybaby.md\/index.php?rest_route=\/wp\/v2\/product"}],"about":[{"href":"https:\/\/teddybaby.md\/index.php?rest_route=\/wp\/v2\/types\/product"}],"wp:featuredmedia":[{"embeddable":true,"href":"https:\/\/teddybaby.md\/index.php?rest_route=\/wp\/v2\/media\/770"}],"wp:attachment":[{"href":"https:\/\/teddybaby.md\/index.php?rest_route=%2Fwp%2Fv2%2Fmedia&parent=769"}],"wp:term":[{"taxonomy":"product_brand","embeddable":true,"href":"https:\/\/teddybaby.md\/index.php?rest_route=%2Fwp%2Fv2%2Fproduct_brand&post=769"},{"taxonomy":"product_cat","embeddable":true,"href":"https:\/\/teddybaby.md\/index.php?rest_route=%2Fwp%2Fv2%2Fproduct_cat&post=769"},{"taxonomy":"product_tag","embeddable":true,"href":"https:\/\/teddybaby.md\/index.php?rest_route=%2Fwp%2Fv2%2Fproduct_tag&post=769"}],"curies":[{"name":"wp","href":"https:\/\/api.w.org\/{rel}","templated":true}]}}