{"id":916,"date":"2025-01-27T13:41:49","date_gmt":"2025-01-27T11:41:49","guid":{"rendered":"https:\/\/teddybaby.md\/?post_type=product&#038;p=916"},"modified":"2025-01-27T13:41:50","modified_gmt":"2025-01-27T11:41:50","slug":"costumas-iepuras","status":"publish","type":"product","link":"https:\/\/teddybaby.md\/?product=costumas-iepuras","title":{"rendered":"Costuma\u0219 Iepura\u0219"},"content":{"rendered":"<p>Costuma\u0219 Iepura\u0219. Doua piese. \u021aesetur\u0103 2 fire. Desen imprimat.<\/p>\n<p>M\u0103rimi la v\u00e2rsta 6 luni, 9 luni, 12 luni, 18 luni<\/p>\n","protected":false},"excerpt":{"rendered":"<p>Costuma\u0219 Iepura\u0219. Doua piese. \u021aesetur\u0103 2 fire. Desen imprimat. M\u0103rimi la v\u00e2rsta 6 luni, 9 luni, 12 luni, 18 luni<\/p>\n","protected":false},"featured_media":919,"template":"","meta":[],"product_brand":[],"product_cat":[35,17],"product_tag":[196],"class_list":{"0":"post-916","1":"product","2":"type-product","3":"status-publish","4":"has-post-thumbnail","6":"product_cat-fetite","7":"product_cat-nounascuti","8":"product_tag-t725","10":"first","11":"instock","12":"shipping-taxable","13":"purchasable","14":"product-type-simple"},"jetpack_sharing_enabled":true,"_links":{"self":[{"href":"https:\/\/teddybaby.md\/index.php?rest_route=\/wp\/v2\/product\/916","targetHints":{"allow":["GET"]}}],"collection":[{"href":"https:\/\/teddybaby.md\/index.php?rest_route=\/wp\/v2\/product"}],"about":[{"href":"https:\/\/teddybaby.md\/index.php?rest_route=\/wp\/v2\/types\/product"}],"wp:featuredmedia":[{"embeddable":true,"href":"https:\/\/teddybaby.md\/index.php?rest_route=\/wp\/v2\/media\/919"}],"wp:attachment":[{"href":"https:\/\/teddybaby.md\/index.php?rest_route=%2Fwp%2Fv2%2Fmedia&parent=916"}],"wp:term":[{"taxonomy":"product_brand","embeddable":true,"href":"https:\/\/teddybaby.md\/index.php?rest_route=%2Fwp%2Fv2%2Fproduct_brand&post=916"},{"taxonomy":"product_cat","embeddable":true,"href":"https:\/\/teddybaby.md\/index.php?rest_route=%2Fwp%2Fv2%2Fproduct_cat&post=916"},{"taxonomy":"product_tag","embeddable":true,"href":"https:\/\/teddybaby.md\/index.php?rest_route=%2Fwp%2Fv2%2Fproduct_tag&post=916"}],"curies":[{"name":"wp","href":"https:\/\/api.w.org\/{rel}","templated":true}]}}